x).
-3
Let b(y) = 9*y - 1. Let k = -139 - -69. Let q = k + 69. Give b(q).
-10
Let n(w) = -w**3 + 12*w**2 - 10*w**2 - 7*w**2 + 10*w**2 + 6 + 3*w. What is n(6)?
-12
Suppose -s = -4*s + 12, -2*s = 3*m - 65. Let u = -23 + m. Let w(q) = -3*q - q**2 + 1 + 5*q**2 - 5*q**2. Determine w(u).
-3
Let v(t) = -3*t + 2. Let h(a) = 4*a - 3. Let b(u) = 2*h(u) + 3*v(u). Let z(l) = -l**2 + l - 1. Let j be z(2). Give b(j).
3
Suppose 0 = 5*c + 1 - 6. Let j(q) = -q + q**2 - 3 + c + 0. Let l = -13 - -11. What is j(l)?
4
Let b(d) be the first derivative of 2*d - 4*d**2 + 1/3*d**3 + 25. Let c(p) = p**3 - p**2 + p. Let g be c(2). What is b(g)?
-10
Let l(x) = 4*x - 6. Let i be l(3). Let u(k) be the first derivative of -2 + i - k + 2*k - 2*k**2. Give u(3).
-11
Let o(u) = u**3 + 2*u**2 - 6*u - 4. Suppose -5*k + 6*j = 7*j + 20, 4*k = -4*j - 16. Give o(k).
-12
Suppose -5*f = -5*f - 5*f. Suppose -33*i + 32*i + 8 = f. Let k(v) = v + 7. Give k(i).
15
Let k(o) = -7*o**3 - 2*o**2 - 3*o - 2. Let t be k(-1). Let v(d) = -2*d + 7 - t*d**2 + 4*d**2 + 8*d. Let f(l) = 2*l - 5. Let r be f(5). Give v(r).
-13
Let s(v) = -5*v - 44. Let d be (-20)/12*(10 - 4). Determine s(d).
6
Suppose -4*h = -2*k, -2*k - 3*h = -0*h - 7. Suppose -k*t + 4*j = -18, t = -2*j - 3*j - 19. Let o(s) = -11*s + 1. What is o(t)?
-10
Let l(t) = t. Let a(u) = -8*u + 4. Let s(n) = a(n) + 3*l(n). Let j be s(2). Let m be j/4 + 36/24. Let b(x) = x**2 - 8. Calculate b(m).
-8
Let u(k) = -k**2 - 13*k + 26. Let r(z) = 3*z**2 + 92*z - 46. Let i be r(-31). Give u(i).
-4
Let s = 108 + -106. Let t(o) = o - 7. Let r be t(9). Let l(u) = r*u + 0*u + 0*u. What is l(s)?
4
Suppose 0 = -2*s - 3*l + 26, -7*s - 5*l = -11*s + 30. Let v(c) = 13 + 0*c**2 - 14*c + 2*c + c**2. What is v(s)?
-7
Let a be (-3)/(-5 - -2) + 2. Suppose a - 8 = -v. Let m = -4 + v. Let x(h) = 4*h**2 - 1. Calculate x(m).
3
Suppose -19*l - 186 = 12*l. Let n(c) = c + 11. Calculate n(l).
5
Let h(c) = 2*c + c - 2*c + 1 - 2*c. Suppose -5*u + 25 = 10. Calculate h(u).
-2
Let u(t) = -t + 1. Let i(z) be the first derivative of 4*z**2 - 5*z - 6. Let h(c) = -i(c) - 6*u(c). Calculate h(4).
-9
Let h(v) = v**2 + 3*v - 4. Let t(g) be the first derivative of g**4/4 + g**3 + g**2/2 + 2. Let a be t(-3). What is h(a)?
-4
Let q be (12/10)/(6/15). Let s(w) = w**3 + 8*w**2 - 2*w. Let m(v) = -3*v**3 - 18*v**2 + 4*v. Let g(a) = 2*m(a) + 5*s(a). Give g(q).
3
Let h(r) = -r**3 - 10*r**2 + 10*r + 1. Let j be h(-11). Suppose 8*n = j*n - 8. Let x(u) = 2*u + 2. What is x(n)?
6
Let m(x) be the second derivative of 0 - 1/12*x**4 + 2*x + x**2 + 3/2*x**3. Determine m(9).
2
Let m = 87 + -85. Suppose m*k - 8*k = -6. Let p(y) = 4*y**2 - y**2 - y - 2*y**2. Determine p(k).
0
Let g(j) = 2*j**2 + 33*j - 52. Let x be g(-18). Let k(z) be the first derivative of z**2/2 + 2*z + 1. Calculate k(x).
4
Let h(w) = -w - 9. Let o(a) = a - 4. Let n be o(4). What is h(n)?
-9
Let i(n) = 2*n**2 - 3*n + 1. Let k = 16 + 6. Let q = -20 + k. Determine i(q).
3
Let z(x) = x**3 - 2*x**2 + 2*x + 2. Let a = 320 - 318. Determine z(a).
6
Let q be -2 + (-3 - (1 - 2)). Let l(b) = -2*b**3 + b - 1. Let f(d) = -7*d**3 + 6*d**2 + 11*d. Let y(n) = f(n) - 4*l(n). Determine y(q).
8
Let q(d) be the first derivative of -d**4/12 + d**3/6 + 2*d**2 + 3*d + 14. Let z(t) be the first derivative of q(t). Give z(-3).
-8
Let f(n) be the second derivative of 0 - 1/24*n**4 + 7/6*n**3 + 2*n**2 - 4*n. Let t(o) be the first derivative of f(o). Give t(6).
1
Suppose 5*a - 18 - 50 = -4*o, 3*o + 6 = a. Suppose -m + 3*v + 10 = 0, -2*m = -m - 4*v - a. Let n(q) = 0*q - 11*q**2 - 5 + 8*q**2 - 4*q + 4*q**2. Calculate n(m).
-5
Let p(q) = 2*q - 2*q**2 - 6*q + 3*q**2. Suppose 15 = 8*k - 3*k. Suppose -2*n = k*n + 15, -5*n = 3*c. Give p(c).
5
Let t(a) = 4*a**2 + 4*a + 10. Let x(q) be the second derivative of q**4/4 + q**3/2 + 9*q**2/2 + 2*q. Let k(c) = 2*t(c) - 3*x(c). Determine k(0).
-7
Let b(c) = c + 515 - 1036 + 517. What is b(-10)?
-14
Let k(u) = -u**3 - u**2 + 5*u - 4. Let l be k(-3). Let y(m) = -8*m**2 - 3*m - 2. Calculate y(l).
-7
Let j(n) = -n**2 + 5*n + 1. Suppose 4*i + 3*v - 37 = 0, i - v - 31 = -2*i. Let z = i + -8. Suppose 5 = z*y - 3, 2*q + 5*y - 32 = 0. What is j(q)?
-5
Let i(l) = -l**3 - 3 + 5*l - l**2 - 9*l**3 + 11*l**3. Let r be i(0). Let m(c) = -c - 2. Let s(p) = -2*p - 4. Let x(k) = -5*m(k) + 3*s(k). Give x(r).
1
Let h(a) be the third derivative of -a**5/60 + a**4/8 + a**3/2 - 128*a**2. Give h(6).
-15
Let j(y) = 4*y + 2. Let d(m) = 5*m + 2. Let r(s) = -5*d(s) + 6*j(s). Let v = 20 + -16. Let z be v/(-6) + (-4)/3. Give r(z).
4
Let k be (-4)/22 + 2905/913. Let v(n) = 3*n**2 - 5*n + 4. What is v(k)?
16
Let u(t) be the third derivative of -t**5/60 - t**4/24 + 3*t**3/2 + 3*t**2. Suppose 3*z - z - 26 = 0. Let r be 0 - 0 - (-13 + z). Calculate u(r).
9
Let n(y) be the third derivative of y**4/12 + 5*y**3/6 - 13*y**2. What is n(-4)?
-3
Let r(a) be the first derivative of -a**4/4 + 4*a**3/3 - 3*a**2/2 - 2*a + 4. Calculate r(3).
-2
Let w(x) = -4*x**2 - 10*x + 11. Let d(b) = -7*b**2 - 20*b + 19. Let o(r) = -3*d(r) + 5*w(r). Give o(-14).
54
Let d(m) = 0*m**2 + m - m**3 + 2*m + 10 - 4*m**2 + 3. Let z be d(-3). Let v(t) = -t**3 - 6*t**2 - 6*t - 6. Calculate v(z).
-1
Suppose n - n - 5*n = 0. Let j(k) = -k**3 + k - 20. Determine j(n).
-20
Let k(w) = -32*w + 226. Let a be k(7). Let z(v) be the third derivative of -1/3*v**3 + 0 - 5/24*v**4 - 4*v**a + 0*v. What is z(-2)?
8
Let r(d) = -d - 2. Let f(u) be the second derivative of u**3/3 - 11*u**2/2 - 8*u. Let c be f(7). Suppose q = -4*z - z - 13, 0 = -c*q + 6. What is r(z)?
1
Let u(l) = 8 - 1 - 8 + 4*l + l**2 - 7. Give u(-7).
13
Let q(v) be the second derivative of v**5/30 - v**4/6 + 29*v**3/6 - 3*v + 13. Let h(g) be the second derivative of q(g). Calculate h(3).
8
Let g(t) = 3 + 3 - 3 + 8*t. Suppose 9*h + 17 = -1. What is g(h)?
-13
Let i(f) = f - 3. Let m(c) = -2*c + 7. Let u(r) = -7*i(r) - 3*m(r). Let j be u(-3). Suppose j*g = g + 2. Let y(a) = -9*a + 1. Determine y(g).
-8
Suppose -l = -7*d + 8*d, -4*d - l - 24 = 0. Let x(n) = -1 + 0 - n - 8*n - n**2. Calculate x(d).
7
Let d(k) = 3*k + 1. Let r = -6 + 7. Let z(v) be the first derivative of -v**2/2 + 4. Let a be z(r). Calculate d(a).
-2
Let s(h) = 5 - 3*h**2 + 1 + 4*h**2 - 6*h. Let y(n) = -n**2 + 5*n - 5. Let p = 16 + -14. Let v(x) = p*s(x) + 3*y(x). What is v(4)?
-7
Let f(g) = 24*g + 4. Let y be f(-2). Let x = y - -53. Let d(j) = j**3 - 8*j**2 - 8*j - 1. Determine d(x).
8
Let o(f) = f**3 + 10*f**2 - 38*f + 12. Let v be o(-13). Let m(r) = -24*r + 1. Calculate m(v).
25
Let o be 1*6/(-15)*-5. Suppose o = 5*j - 13. Let h(t) = -5 - 2*t + 9*t - t**j + 2*t**2 + 3*t**2 - t**2. Calculate h(5).
5
Let y = -1056 + 1061. Let b(g) = -2*g + 0*g + 4*g + 2. Give b(y).
12
Let s = 310 - 317. Let w(i) = i - 9. What is w(s)?
-16
Suppose 17 = 3*r + 2*m - 6, -4*m + 25 = 3*r. Let x(k) be the third derivative of k**6/120 - 7*k**5/60 + k**4/8 - k**3/2 + 35*k**2. Determine x(r).
18
Let i = -70 + 70. Let f(b) = 2 + 9*b + 0*b + i*b. What is f(-3)?
-25
Let c(x) be the first derivative of -8 - 1/2*x**2 - 7*x. What is c(-3)?
-4
Let j(t) = -54*t. Suppose 54*y + 28 = -26. Calculate j(y).
54
Let z be 18/(-18)*1/1. Let n(d) = 26*d**3 + d**2. Calculate n(z).
-25
Let d(p) = 1 + p + 2*p + 2. Suppose -v + 4*v = 4*k - 14, 0 = 5*k + v - 8. Suppose 7*i + 20 = k*i. Determine d(i).
-9
Let q(j) = j**2 - j + 1. Let s(c) = 2*c - 23. Let n(l) = q(l) + s(l). Let v(w) be the first derivative of n(w). What is v(1)?
3
Suppose -385*y - 474 = -148*y. Suppose 3*i - 14 = -2. Let p(x) = 3*x + 3*x - i*x. Determine p(y).
-4
Let x(l) = -713*l**2 + 235*l**2 - 3 + 236*l**2 + 239*l**2 - 4*l. Give x(-3).
-18
Let u(f) be the third derivative of f**6/120 + f**5/20 + f**4/24 + f**2 + 107. Calculate u(-3).
-3
Let n(j) be the first derivative of j**3/3 - 7*j**2/2 + 8*j + 1. Let w(y) = -y**3 + 7*y**2 - 19*y + 222. Let z be w(8). What is n(z)?
2
Let y(d) = 11*d - 6. Let h(v) = 1. Let i(z) = 6*h(z) + y(z). Let j(l) = 2*l - 19. Let u be j(9). What is i(u)?
-11
Let k = 2 - 3. Let r = k + 2. Let n(q) = 11 + 105*q - 3 - 94*q - 9. Calculate n(r).
10
Let g(x) = x + 3. Let j(d) = -d - 1. Let u(o) = -g(o) - 2*j(o). Give u(8).
7
Let o(z) = -15*z**3 + 11*z**2 + 13*z - 13. Let w(x) = 8*x**3 - 5*x**2 - 6*x + 6. Let n(i) = 6*o(i) + 13*w(i). Calculate n(-1